rue
Is 23 a factor of 2538556?
True
Does 122 divide 805566?
True
Is 110 a factor of 45650?
True
Does 159 divide 3001602?
True
Is 76 a factor of 423472?
True
Does 52 divide 3987880?
True
Is 206151 a multiple of 18?
False
Is 671944 a multiple of 142?
True
Is 410400 a multiple of 32?
True
Is 1005900 a multiple of 70?
True
Is 98 a factor of 59168?
False
Is 34 a factor of 20536?
True
Is 2 a factor of 19675?
False
Is 49 a factor of 1883217?
True
Is 623257 a multiple of 19?
True
Is 324 a factor of 112104?
True
Is 84410 a multiple of 265?
False
Is 228 a factor of 10799220?
True
Is 45 a factor of 27405?
True
Does 24 divide 243196?
False
Is 924 a factor of 1164240?
True
Is 2139720 a multiple of 20?
True
Is 253119 a multiple of 202?
False
Is 446504 a multiple of 453?
False
Is 23255 a multiple of 16?
False
Does 4 divide 1116229?
False
Is 7 a factor of 5476548?
True
Is 788498 a multiple of 3?
False
Does 33 divide 259017?
True
Is 175 a factor of 167121?
False
Is 71 a factor of 7384?
True
Is 7677709 a multiple of 1041?
False
Is 1000878 a multiple of 747?
False
Is 66943 a multiple of 160?
False
Is 2724890 a multiple of 581?
True
Is 19 a factor of 910979?
False
Does 10 divide 719784?
False
Is 2692660 a multiple of 430?
True
Does 41 divide 402866?
True
Is 80 a factor of 149657?
False
Is 13 a factor of 1990912?
False
Is 25 a factor of 1014025?
True
Does 6 divide 933676?
False
Is 5603364 a multiple of 9?
True
Is 126352 a multiple of 424?
True
Is 6523777 a multiple of 188?
False
Is 11 a factor of 3276795?
False
Is 529 a factor of 1174380?
True
Does 32 divide 6094848?
True
Is 117929 a multiple of 8?
False
Is 57 a factor of 54968?
False
Does 15 divide 6285510?
True
Is 77 a factor of 160930?
True
Is 101150 a multiple of 469?
False
Is 1259454 a multiple of 173?
False
Is 231088 a multiple of 286?
True
Does 13 divide 717938?
True
Is 172 a factor of 526590?
False
Is 837790 a multiple of 10?
True
Is 73 a factor of 340265?
False
Is 133449 a multiple of 254?
False
Does 26 divide 436218?
False
Does 24 divide 5211792?
True
Is 461 a factor of 2972989?
True
Does 10 divide 8614849?
False
Does 746 divide 9154166?
True
Is 1622267 a multiple of 11?
False
Is 16 a factor of 2960581?
False
Is 5 a factor of 23985?
True
Does 22 divide 91454?
True
Is 1379507 a multiple of 38?
False
Is 121078 a multiple of 127?
False
Is 500 a factor of 2774832?
False
Is 523740 a multiple of 435?
True
Does 5 divide 532717?
False
Is 7169011 a multiple of 239?
False
Is 21 a factor of 456603?
True
Does 39 divide 342966?
True
Does 5 divide 822790?
True
Does 8 divide 363570?
False
Does 5 divide 81800?
True
Does 16 divide 86135?
False
Does 17 divide 639427?
False
Is 639 a factor of 1074285?
False
Is 29 a factor of 844712?
True
Does 55 divide 1529828?
False
Is 230303 a multiple of 16?
False
Is 3716106 a multiple of 23?
False
Is 444 a factor of 1353087?
False
Is 687 a factor of 574332?
True
Is 2185 a factor of 2588520?
False
Is 10269093 a multiple of 127?
True
Is 44 a factor of 6072?
True
Is 814899 a multiple of 61?
True
Is 12 a factor of 452928?
True
Is 405 a factor of 1259253?
False
Is 87115 a multiple of 97?
False
Is 441880 a multiple of 40?
True
Does 985 divide 3775287?
False
Is 1150711 a multiple of 526?
False
Does 251 divide 218208?
False
Does 83 divide 526801?
True
Does 412 divide 622532?
True
Is 1671926 a multiple of 1176?
False
Is 838915 a multiple of 55?
True
Is 378521 even?
False
Is 228 a factor of 23313?
False
Is 809046 a multiple of 126?
True
Is 23230 a multiple of 10?
True
Does 14 divide 259336?
True
Does 2 divide 12662?
True
Does 273 divide 392301?
True
Does 10 divide 108827?
False
Is 350507 a multiple of 56?
False
Is 50 a factor of 878250?
True
Does 1821 divide 32563784?
False
Is 2547 a multiple of 2?
False
Does 56 divide 5025781?
False
Is 148 a factor of 10646432?
False
Is 1161 a factor of 932381?
False
Is 1104416 a multiple of 7?
False
Does 4 divide 2898204?
True
Does 497 divide 5381784?
False
Is 9 a factor of 10341?
True
Is 149454 a multiple of 9?
True
Is 4 a factor of 9056?
True
Does 231 divide 42809?
False
Does 174 divide 7391520?
True
Is 271 a factor of 85636?
True
Is 39 a factor of 1326345?
False
Is 486379 a multiple of 42?
False
Is 172811 a multiple of 26?
False
Does 105 divide 102142?
False
Does 6 divide 93083?
False
Does 101 divide 57166?
True
Is 257 a factor of 212796?
True
Is 161 a factor of 5218654?
True
Is 12 a factor of 4427459?
False
Is 99 a factor of 23661?
True
Is 414460 a multiple of 530?
True
Is 386650 a multiple of 190?
True
Is 59815 a multiple of 7?
True
Is 595952 a multiple of 626?
True
Is 19 a factor of 644542?
False
Is 3740243 a multiple of 13?
True
Is 30 a factor of 121590?
True
Is 120283 a multiple of 206?
False
Does 112 divide 686110?
False
Is 585 a factor of 711360?
True
Is 7690 a multiple of 2?
True
Does 64 divide 59633?
False
Is 126795 a multiple of 107?
True
Does 14 divide 72079?
False
Does 140 divide 279440?
True
Does 3 divide 33477?
True
Is 947796 a multiple of 9?
False
Is 43 a factor of 56588?
True
Is 25 a factor of 67759?
False
Is 5278010 a multiple of 38?
True
Is 460128 a multiple of 22?
False
Is 743040 a multiple of 32?
True
Is 366335 a multiple of 50?
False
Is 1205466 a multiple of 137?
False
Is 19 a factor of 5834216?
True
Is 276 a factor of 78011?
False
Is 48 a factor of 211524?
False
Is 6 a factor of 18672?
True
Does 10 divide 3999500?
True
Does 367 divide 47544?
False
Is 2364670 a multiple of 110?
True
Is 4 a factor of 64166?
False
Is 142 a factor of 174343?
False
Does 103 divide 4996736?
True
Is 389827 a multiple of 6?
False
Does 58 divide 10461808?
True
Is 36383 a multiple of 28?
False
Is 17 a factor of 115835?
False
Is 256 a factor of 53051?
False
Is 288848 a multiple of 2?
True
Is 2514 a multiple of 3?
True
Is 74396 a multiple of 106?
False
Does 41 divide 1102250?
False
Is 114980 a multiple of 27?
False
Is 55287 a multiple of 24?
False
Is 145800 a multiple of 15?
True
Is 72716 a multiple of 53?
True
Does 127 divide 2713499?
False
Is 17 a factor of 682516?
True
Is 513140 a multiple of 20?
True
Is 4352320 a multiple of 938?
True
Is 15 a factor of 989427?
False
Is 60276 a multiple of 11?
False
Does 71 divide 426781?
True
Is 11 a factor of 880922?
False
Is 4 a factor of 58889?
False
Is 2276449 a multiple of 29?
False
Is 5375350 a multiple of 4?
False
Does 2 divide 225521?
False
Is 7403 a multiple of 37?
False
Is 38002 a multiple of 24?
False
Is 53077 a multiple of 10?
False
Is 2922205 a multiple of 239?
False
Is 738841 a multiple of 10?
False
Is 148 a factor of 1472748?
True
Is 13 a factor of 813345?
True
Does 13 divide 355693?
True
Does 13 divide 2697409?
True
Is 22 a factor of 2371808?
False
Is 13397901 a multiple of 346?
False
Is 6 a factor of 352259?
False
Does 221 divide 950742?
True
Does 14 divide 57386?
True
Is 492362 a multiple of 8?
False
Is 116520 a multiple of 6?
True
Is 216460 a multiple of 13?
False
Is 85 a factor of 898538?
False
Does 15 divide 344070?
True
Does 193 divide 225645?
False
Is 134514 a multiple of 94?
True
Is 464042 a multiple of 116?
False
Is 3576674 a multiple of 1844?
False
Is 357 a factor of 69343?
False
Is 228120 a multiple of 15?
True
Does 104 divide 5413720?
True
Is 1302158 a multiple of 319?
True
Is 1937286 a multiple of 733?
False
Is 54 a factor of 30177?
False
Is 24 a factor of 2907345?
False
Is 2 a factor of 6086168?
True
Is 2885988 a multiple of 14?
True
Does 89 divide 186980?
False
Is 289 a factor of 1744865?
False
Does 1067 divide 5427270?
False
Is 11 a factor of 2432804?
True
Is 47 a factor of 242614?
True
Is 292048 a multiple of 48?
False
Is 8643864 a multiple of 632?
True
Does 188 divide 854084?
True
Is 86484 a multiple of 8?
False
Is 200 a factor of 6892506?
False
Is 3552372 a multiple of 1954?
True
Is 912 a factor of 1335168?
True
Is 7 a factor of 74683?
True
Does 17 divide 269229?
True
Is 6 a factor of 187704?
True
Is 134 a factor of 2633666?
False
Is 776 a factor of 8523893?
False
Is 7 a factor of 987355?
False
Does 56 divide 146758?
False
Does 94 divide 1017738?
True
Does 31 divide 210052?
False
Is 2674712 a multiple of 17?
True
Does 1911 divide 12526605?
True
Is 13 a factor of 1467323?
True
Is 26961 a multiple of 152?
False
Is 18459720 a multiple of 846?
True
Is 29791 a multiple of 4?
False
Does 7 divi